{"id":13,"date":"2017-07-16T10:02:51","date_gmt":"2017-07-16T10:02:51","guid":{"rendered":"http:\/\/fewo-schmidtshoern.de\/?page_id=13"},"modified":"2017-08-07T15:08:59","modified_gmt":"2017-08-07T15:08:59","slug":"in-der-naehe","status":"publish","type":"page","link":"https:\/\/fewo-schmidtshoern.de\/?page_id=13","title":{"rendered":"In der N\u00e4he"},"content":{"rendered":"<h3>Das Wangerland und seine Umgebung haben etwas f\u00fcr jung und alt zu bieten. N\u00e4hrere Informationen dazu erhalten Sie bei der Tourist-Info (Zum Hafen 3 in Horumersiel) und auf der Internetseite der Wangerland Touristik unter <a href=\"http:\/\/www.wangerland.de\">www.wangerland.de*<\/a>.<\/h3>\n<p>*= Mit dem Seitenaufruf verlassen Sie unsere Seiten und wir \u00fcbernehmen keine Haftung.<\/p>\n","protected":false},"excerpt":{"rendered":"<p>Das Wangerland und seine Umgebung haben etwas f\u00fcr jung und alt zu bieten. N\u00e4hrere Informationen dazu erhalten Sie bei der Tourist-Info (Zum Hafen 3 in Horumersiel) und auf der Internetseite der Wangerland Touristik unter www.wangerland.de*. *= Mit dem Seitenaufruf verlassen&hellip; <\/p>\n","protected":false},"author":1,"featured_media":0,"parent":0,"menu_order":0,"comment_status":"closed","ping_status":"closed","template":"","meta":{"footnotes":""},"_links":{"self":[{"href":"https:\/\/fewo-schmidtshoern.de\/index.php?rest_route=\/wp\/v2\/pages\/13"}],"collection":[{"href":"https:\/\/fewo-schmidtshoern.de\/index.php?rest_route=\/wp\/v2\/pages"}],"about":[{"href":"https:\/\/fewo-schmidtshoern.de\/index.php?rest_route=\/wp\/v2\/types\/page"}],"author":[{"embeddable":true,"href":"https:\/\/fewo-schmidtshoern.de\/index.php?rest_route=\/wp\/v2\/users\/1"}],"replies":[{"embeddable":true,"href":"https:\/\/fewo-schmidtshoern.de\/index.php?rest_route=%2Fwp%2Fv2%2Fcomments&post=13"}],"version-history":[{"count":3,"href":"https:\/\/fewo-schmidtshoern.de\/index.php?rest_route=\/wp\/v2\/pages\/13\/revisions"}],"predecessor-version":[{"id":191,"href":"https:\/\/fewo-schmidtshoern.de\/index.php?rest_route=\/wp\/v2\/pages\/13\/revisions\/191"}],"wp:attachment":[{"href":"https:\/\/fewo-schmidtshoern.de\/index.php?rest_route=%2Fwp%2Fv2%2Fmedia&parent=13"}],"curies":[{"name":"wp","href":"https:\/\/api.w.org\/{rel}","templated":true}]}}