{"id":7,"date":"2017-07-16T10:01:25","date_gmt":"2017-07-16T10:01:25","guid":{"rendered":"http:\/\/fewo-schmidtshoern.de\/?page_id=7"},"modified":"2018-12-30T16:04:31","modified_gmt":"2018-12-30T16:04:31","slug":"startseite","status":"publish","type":"page","link":"https:\/\/fewo-schmidtshoern.de\/","title":{"rendered":"Startseite"},"content":{"rendered":"<h4>Herzlich Willkommen im Nordseeheilbad Horumersiel &#8211; direkt an der friesischen Nordseek\u00fcste.<\/h4>\n<h4>Als unsere G\u00e4ste begr\u00fc\u00dfen wir Sie in zwei komfortabel eingerichteten Ferienwohnungen in ruhiger Lage ohne Durchgangsverkehr. Der Strand sowie Einkaufsm\u00f6glichkeiten liegen nur wenige Gehminuten entfernt.<\/h4>\n<p>Auf unserer Website finden Sie alle Informationen zu unseren Ferienwohnungen &#8211; bei Fragen kontaktieren Sie uns bitte unter der oben angegebenen Telefonnummer oder E-Mail Adresse.<\/p>\n","protected":false},"excerpt":{"rendered":"<p>Herzlich Willkommen im Nordseeheilbad Horumersiel &#8211; direkt an der friesischen Nordseek\u00fcste. Als unsere G\u00e4ste begr\u00fc\u00dfen wir Sie in zwei komfortabel eingerichteten Ferienwohnungen in ruhiger Lage ohne Durchgangsverkehr. Der Strand sowie Einkaufsm\u00f6glichkeiten liegen nur wenige Gehminuten entfernt. Auf unserer Website finden&hellip; <\/p>\n","protected":false},"author":1,"featured_media":0,"parent":0,"menu_order":0,"comment_status":"closed","ping_status":"closed","template":"","meta":{"footnotes":""},"_links":{"self":[{"href":"https:\/\/fewo-schmidtshoern.de\/index.php?rest_route=\/wp\/v2\/pages\/7"}],"collection":[{"href":"https:\/\/fewo-schmidtshoern.de\/index.php?rest_route=\/wp\/v2\/pages"}],"about":[{"href":"https:\/\/fewo-schmidtshoern.de\/index.php?rest_route=\/wp\/v2\/types\/page"}],"author":[{"embeddable":true,"href":"https:\/\/fewo-schmidtshoern.de\/index.php?rest_route=\/wp\/v2\/users\/1"}],"replies":[{"embeddable":true,"href":"https:\/\/fewo-schmidtshoern.de\/index.php?rest_route=%2Fwp%2Fv2%2Fcomments&post=7"}],"version-history":[{"count":5,"href":"https:\/\/fewo-schmidtshoern.de\/index.php?rest_route=\/wp\/v2\/pages\/7\/revisions"}],"predecessor-version":[{"id":222,"href":"https:\/\/fewo-schmidtshoern.de\/index.php?rest_route=\/wp\/v2\/pages\/7\/revisions\/222"}],"wp:attachment":[{"href":"https:\/\/fewo-schmidtshoern.de\/index.php?rest_route=%2Fwp%2Fv2%2Fmedia&parent=7"}],"curies":[{"name":"wp","href":"https:\/\/api.w.org\/{rel}","templated":true}]}}